en thousands digit of 31566860?
6
What is the thousands digit of 17911432?
1
What is the units digit of 498007?
7
What is the units digit of 1606280?
0
What is the hundreds digit of 241865?
8
What is the hundreds digit of 268962?
9
What is the tens digit of 31426832?
3
What is the millions digit of 2599901?
2
What is the units digit of 14847358?
8
What is the thousands digit of 134155?
4
What is the ten thousands digit of 47946?
4
What is the ten thousands digit of 195424?
9
What is the millions digit of 1134017?
1
What is the ten thousands digit of 78692?
7
What is the thousands digit of 202774?
2
What is the hundreds digit of 7583656?
6
What is the millions digit of 2472309?
2
What is the ten thousands digit of 569384?
6
What is the hundred thousands digit of 653020?
6
What is the hundreds digit of 4073305?
3
What is the ten thousands digit of 696709?
9
What is the units digit of 1935216?
6
What is the hundred thousands digit of 13795755?
7
What is the thousands digit of 814174?
4
What is the hundreds digit of 137590?
5
What is the ten thousands digit of 11715271?
1
What is the thousands digit of 2419715?
9
What is the tens digit of 210309?
0
What is the units digit of 268011?
1
What is the tens digit of 3689251?
5
What is the units digit of 374310?
0
What is the hundreds digit of 8309713?
7
What is the hundreds digit of 2168646?
6
What is the units digit of 2724870?
0
What is the hundreds digit of 963807?
8
What is the hundreds digit of 28267797?
7
What is the tens digit of 13023686?
8
What is the hundred thousands digit of 812339?
8
What is the hundred thousands digit of 5093601?
0
What is the hundred thousands digit of 1184585?
1
What is the tens digit of 2561228?
2
What is the hundred thousands digit of 1039402?
0
What is the thousands digit of 175807?
5
What is the hundreds digit of 697938?
9
What is the millions digit of 1211517?
1
What is the millions digit of 2650351?
2
What is the hundred thousands digit of 884370?
8
What is the hundred thousands digit of 1111313?
1
What is the hundreds digit of 1848532?
5
What is the thousands digit of 83555?
3
What is the thousands digit of 11080151?
0
What is the tens digit of 3947?
4
What is the hundred thousands digit of 15865917?
8
What is the hundreds digit of 8596611?
6
What is the units digit of 4810962?
2
What is the ten thousands digit of 3966024?
6
What is the ten thousands digit of 32756941?
5
What is the ten thousands digit of 5805013?
0
What is the tens digit of 1455142?
4
What is the ten millions digit of 10078327?
1
What is the millions digit of 2858856?
2
What is the ten millions digit of 32294301?
3
What is the units digit of 325806?
6
What is the tens digit of 613830?
3
What is the ten thousands digit of 17425738?
2
What is the hundreds digit of 39980?
9
What is the units digit of 1329541?
1
What is the hundreds digit of 23207515?
5
What is the tens digit of 1996528?
2
What is the ten thousands digit of 2717654?
1
What is the hundreds digit of 5800376?
3
What is the millions digit of 7771324?
7
What is the hundreds digit of 18936379?
3
What is the thousands digit of 9404596?
4
What is the ten thousands digit of 1028941?
2
What is the tens digit of 5028091?
9
What is the hundreds digit of 1839824?
8
What is the units digit of 138882?
2
What is the tens digit of 495901?
0
What is the hundred thousands digit of 1111917?
1
What is the thousands digit of 23543908?
3
What is the ten thousands digit of 576020?
7
What is the hundred thousands digit of 6443181?
4
What is the millions digit of 4016554?
4
What is the ten thousands digit of 7505021?
0
What is the thousands digit of 4050545?
0
What is the ten thousands digit of 2528343?
2
What is the tens digit of 2487936?
3
What is the hundred thousands digit of 164826?
1
What is the units digit of 467891?
1
What is the thousands digit of 195029?
5
What is the millions digit of 1326009?
1
What is the thousands digit of 2131731?
1
What is the ten thousands digit of 478802?
7
What is the units digit of 1877868?
8
What is the ten thousands digit of 1670313?
7
What is the ten thousands digit of 1567141?
6
What is the millions digit of 2102498?
2
What is the hundreds digit of 8735952?
9
What is the tens digit of 3234430?
3
What is the ten millions digit of 28180440?
2
What is the hundred thousands digit of 6130872?
1
What is the tens digit of 394186?
8
What is the tens digit of 826947?
4
What is the hundred thousands digit of 36771699?
7
What is the ten thousands digit of 444054?
4
What is the hundred thousands digit of 1313077?
3
What is the tens digit of 2631262?
6
What is the hundred thousands digit of 1318304?
3
What is the millions digit of 1194545?
1
What is the units digit of 402185?
5
What is the tens digit of 781023?
2
What is the millions digit of 2653381?
2
What is the hundred thousands digit of 932298?
9
What is the thousands digit of 2466974?
6
What is the thousands digit of 421715?
1
What is the ten thousands digit of 214198?
1
What is the tens digit of 1127020?
2
What is the ten thousands digit of 105315?
0
What is the hundreds digit of 2979117?
1
What is the tens digit of 12985408?
0
What is the hundred thousands digit of 1280833?
2
What is the hundreds digit of 1703313?
3
What is the millions digit of 2847983?
2
What is the hundreds digit of 6201341?
3
What is the units digit of 1860316?
6
What is the hundred thousands digit of 20717697?
7
What is the units digit of 195288?
8
What is the units digit of 43737?
7
What is the hundreds digit of 12572494?
4
What is the thousands digit of 853933?
3
What is the hundreds digit of 1291116?
1
What is the units digit of 674985?
5
What is the hundred thousands digit of 18981685?
9
What is the ten thousands digit of 1062951?
6
What is the ten thousands digit of 289821?
8
What is the hundred thousands digit of 1499300?
4
What is the thousands digit of 390657?
0
What is the tens digit of 313139?
3
What is the tens digit of 186593?
9
What is the ten thousands digit of 3899542?
9
What is the hundreds digit of 30939?
9
What is the hundreds digit of 4042099?
0
What is the millions digit of 25032336?
5
What is the units digit of 1007806?
6
What is the thousands digit of 11494?
1
What is the thousands digit of 22781?
2
What is the ten thousands digit of 643385?
4
What is the tens digit of 1777920?
2
What is the tens digit of 2535936?
3
What is the hundreds digit of 325717?
7
What is the units digit of 6665555?
5
What is the millions digit of 14888042?
4
What is the hundreds digit of 2345694?
6
What is the millions digit of 7982492?
7
What is the hundreds digit of 8944628?
6
What is the ten thousands digit of 12244695?
4
What is the units digit of 26736138?
8
What is the ten thousands digit of 2853156?
5
What is the hundreds digit of 160597?
5
What is the thousands digit of 291011?
1
What is the ten thousands digit of 479000?
7
What is the hundreds digit of 3028051?
0
What is the tens digit of 56?
5
What is the millions digit of 3932056?
3
What is the hundred thousands digit of 343026?
3
What is the ten thousands digit of 101765?
0
What is the thousands digit of 1750125?
0
What is the tens digit of 2112631?
3
What is the thousands digit of 741701?
1
What is the tens digit of 99254?
5
What is the hundreds digit of 2488939?
9
What is the hundred thousands digit of 385051?
3
What is the units digit of 207187?
7
What is the hundreds digit of 640260?
2
What is the hundred thousands digit of 22588630?
5
What is the ten thousands digit of 1800782?
0
What is the thousands digit of 26986209?
6
What is the thousands digit of 94418?
4
What is the hundred thousands digit of 841684?
8
What is the ten thousands digit of 6820882?
2
What is the units digit of 482860?
0
What is the tens digit of 341853?
5
What is the units digit of 734590?
0
What is the millions digit of 20732027?
0
What is the millions digit of 1100233?
1
What is the thousands digit of 190515?
0
What is the ten thousands digit of 415224?
1
What is the ten thousands digit of 1056905?
5
What is the ten thousands digit of 2404468?
0
What is the hundreds digit of 921457?
4
What is the units digit of 2250678?
8
What is the tens digit of 64630?
3
What is the ten thousands digit of 1449353?
4
What is the hundred thousands digit of 185557?
1
What is the